?
False
Suppose 31362 = a - 4*j, a + 31338 = 2*a + 2*j. Suppose 0 = 6*n + 1724 - a. Is n composite?
False
Suppose 2*h + 1439 = -3*a, -3*h - 2680 = -a - 505. Let k = 5133 + h. Is k composite?
False
Let q = 79 + -53. Suppose 22*i + 48 = q*i. Let a(w) = 54*w + 43. Is a(i) composite?
False
Let j = 267765 + 22730. Is j prime?
False
Let d(t) = 162*t**2 - 202*t + 1335. Is d(59) prime?
False
Let q(z) = 39*z**3 - 18*z**2 + 32*z - 190. Is q(21) composite?
True
Let f be 5 + -5 + -1 - (-1554)/(-2). Is (f/(-2))/(1 - (-72)/(-74)) prime?
False
Let x = -18 + 26. Let i = -16 + x. Let n(d) = -9*d - 21. Is n(i) a prime number?
False
Let o(w) = 20*w - 35*w + 22*w + 23*w + 3. Is o(1) a composite number?
True
Let h = 773003 - 500796. Is h prime?
False
Suppose -4*m + 6 = -4*j + 10, j = -5*m + 13. Suppose 7 - m = 5*q, 4*p = -2*q + 17310. Is p a prime number?
True
Is 42726/10*985/591 a composite number?
False
Let b = 75 - 59. Let s be 10/(4 + -2)*b/10. Suppose 3*q - s*q = 3*u - 1976, -2*q + 806 = -4*u. Is q a prime number?
True
Let f be (-6)/(-2)*(818 - (-6)/6). Suppose -10241 + f = -2*k. Suppose 5*l + k = -0*y + y, -2*y + 3*l = -7805. Is y a composite number?
False
Let w = 198 - 195. Suppose -4*d - g + 2595 = 0, w*d - 8*g = -13*g + 1942. Is d composite?
True
Let o(w) = 4504*w**2 - 94*w - 9. Is o(5) a prime number?
True
Let h be 15561/(-2964) + (-10)/(-8). Let b be (106*2)/((-1)/2). Is b/(-3) - h/(-12) a composite number?
True
Let y = -1494 + 21817. Is y a composite number?
False
Let p be (-2)/((-30)/(-4342605))*1*-1. Suppose p = 88*n - 59*n. Is n composite?
True
Suppose -5*v + 0 + 22 = -2*w, 4*v - 21 = 5*w. Let y be v - (-4)/8*8. Let g = 141 + y. Is g a prime number?
True
Suppose 0 = -c - 5*m + 10*m + 12307, c - 12307 = 2*m. Is c prime?
False
Let c(i) = -167*i - 4. Let v be c(-2). Suppose -u + v = -901. Is u a composite number?
False
Suppose 0 = -5*z + 2*s, -z - 2*z + 2*s - 4 = 0. Suppose z*x = -5*r - 0*r + 2962, -3*r = -4*x + 5924. Is x a prime number?
True
Let c = 192 - 188. Is (9852/(-16) - 6)/((-3)/c) prime?
True
Let c = 43017 + 5000. Is c composite?
False
Let k = 168 - 163. Suppose -k*y - 4*t = -2585, -6*y - 5*t + 1017 = -4*y. Is y a prime number?
True
Let j = -19 - -22. Suppose 2*w - 13127 = -j*m, -5*m = 3*w - 4733 - 14959. Is w prime?
False
Let u(b) = -1404*b + 843. Is u(-42) composite?
True
Suppose -3*t + 1100 = -y + 6*y, 843 = 4*y - 5*t. Let o = 1226 - y. Is o composite?
False
Suppose 0 = -4*b - 120 + 152. Suppose -133 = -b*q + 27. Suppose q*u = 17*u + 4377. Is u prime?
True
Suppose 3*r + 12 = -o, -o - r - 12 = -3*r. Is 4*1/o*-2661 a prime number?
True
Suppose 4*s - 2*y = 115598, -37677 = 3*s + 5*y - 124395. Is s composite?
False
Let k be (3/(-6) + 0)*(-5 - 681). Suppose -2*v + 1651 = 379. Let a = v - k. Is a composite?
False
Let m(y) = 32*y**2 + 168*y + 59. Is m(-102) composite?
False
Let l = -22 - -36. Suppose -l = -7*d + 14. Suppose -5*c - p + 173 = 0, 2*c - 76 = 5*p + d. Is c a prime number?
False
Suppose -2787652 + 1133937 = -36*w + 1287161. Is w a composite number?
True
Let u(p) = 8*p - 31. Let n be u(13). Let k = n + -72. Let y(h) = 80*h**3 + h - 2. Is y(k) composite?
False
Let l(h) = 27*h**2 + 797*h + 217. Is l(-87) prime?
True
Let b = 1171161 - 804374. Is b composite?
False
Suppose 5*g - 31 = -5*h + 19, 3*g - 25 = -2*h. Suppose -g*d + 932 = z, -4*d + 561 = -4*z - 199. Is d a composite number?
True
Is -1*((-24)/(-40))/((-3)/(-15)) - -121006 a composite number?
True
Suppose -2*i - 17 = -2*s + 5*s, -s - 3 = 0. Let z(y) = 0*y**2 - 33*y**3 + 4*y**2 - 2*y**2 + 1 - 4*y**2. Is z(i) a composite number?
False
Let v be ((-3)/7 - 304/(-399))*15. Suppose p - 2563 = 6*c + 26542, v*p - c - 145612 = 0. Is p a prime number?
True
Suppose 12 = 31*r - 27*r. Suppose -r*j = -4*u - u + 32424, 4*u - 3*j = 25941. Is u a prime number?
False
Let d(b) = 27*b**2. Let n be d(1). Let g(y) = -n*y - 80*y - 39 + 1 + 8. Is g(-13) prime?
True
Suppose 7*i - 17275 - 11586 = 16408. Is i a prime number?
False
Let s(h) be the first derivative of 51*h**2 + 22*h - 12. Let n = 50 + -40. Is s(n) composite?
True
Let c(h) = 19*h. Let n be c(-3). Let d = 96 + n. Suppose -d*z = -37*z - 1754. Is z a composite number?
False
Suppose 0 = -3*k - 5*x + 819822 - 13091, 4*k + 4*x - 1075628 = 0. Suppose i + 17*i = k. Is i composite?
False
Let x(z) = -53277*z - 178. Is x(-1) composite?
True
Let o = 5151 + -5151. Suppose 0 = -2*k + 5 + 5. Suppose -4*t + k*t - 2 = 0, o = -d - 3*t + 197. Is d a composite number?
False
Suppose 0 = -x + 5*z + 1087453, -5*z - 1492931 + 5842593 = 4*x. Is x a composite number?
False
Suppose -y + 205336 = -2136042 - 324385. Is y a prime number?
True
Let a = -109 + 113. Suppose -l - 2*g + 3403 = 0, 0*l = 3*l - a*g - 10239. Is l a composite number?
True
Is (10864098/30)/7 + 6 + 203/(-35) prime?
False
Let z be ((-1332)/(-8))/(18/168). Let a = z + -811. Is a composite?
False
Let v(y) = -y**3 + 9*y**2 - 7*y - 8. Let c be v(8). Suppose c = -2*g + 12836 - 5194. Is g prime?
True
Let n = -532 - -3137. Suppose t + n = 6*t + 5*p, 3*p = -5*t + 2597. Is t a composite number?
True
Let p(t) = -1. Let f(w) = -569*w + 70. Let n(r) = -f(r) - 3*p(r). Is n(10) prime?
True
Let r(d) = -3*d**3 - 11*d**2 + 20*d. Let v be r(-9). Let s = -1236 + 3401. Let o = s - v. Is o composite?
False
Suppose -44 + 36 = -4*n. Let k be ((-11)/(66/588))/(n/(-28)). Suppose i - r - k = 0, -327 = i - 4*r - 1714. Is i a prime number?
True
Let h(i) = 3*i**3 - 6*i**2 + 2*i + 4. Let f(u) = 2*u**3 + 10*u**2 - 3*u - 1. Let c be f(-5). Suppose c*n - 29 = 41. Is h(n) prime?
True
Suppose -4*k = m + 13487, -4*m + 3*k + 7407 = 61279. Is m/(-114) + (-3)/18 a prime number?
False
Suppose 0 = -2*g + 4*g + 4*w - 42326, 4*g - 84587 = 5*w. Suppose 4*t - g = 20651. Is t prime?
False
Suppose 5 = 4*j - c, -3 + 9 = 2*j - 4*c. Let u(v) = 1733*v**3 - v**2 + 7*v - 2. Let w(y) = y. Let t(k) = u(k) - 4*w(k). Is t(j) prime?
True
Let n(m) = 1277*m**3 + 14*m**2 - 96*m - 2. Is n(7) a prime number?
False
Suppose 0 = -17*v + 2080438 + 25080. Is v a prime number?
False
Let v(b) = -2*b - 4*b**2 - 19 + 18*b**2 - 17 - b. Is v(7) composite?
True
Suppose -3*i - 5*o = -5*i + 6, 2*i - 3*o = 6. Suppose 5*j - 4*x - 7255 = -i*x, -3*j + 3*x = -4353. Suppose 5*b = j + 434. Is b composite?
True
Let n(o) = 2*o + 55. Let c be n(-24). Let u(h) = h - 2. Let m be u(c). Suppose 4*j - 2347 = -m*b, -5*j - 357 = -b + 95. Is b composite?
False
Let n(o) = 12366*o + 7495. Is n(43) a composite number?
False
Let g be -10*((-108)/(-30) - 4). Suppose 0 = g*i + 4*f - 10348, 3*i - 6283 - 1478 = 4*f. Is i a composite number?
True
Suppose 0 = 26*u - 714687 - 1563407. Is u prime?
False
Let m(i) = -3563*i - 2595. Is m(-130) prime?
False
Let i(u) = -2*u + 1. Let p be i(1). Let y be (1*p)/((-16)/80). Suppose 0 = -y*q + 2*q + 381. Is q prime?
True
Is 6 + -582922*-1*(-4)/(-8) a composite number?
True
Suppose -9*a + 19*a = 1740. Suppose 0 = -5*o + 5, -5*m + 4*o + a = -3*m. Is m prime?
True
Suppose 273*i - 17539206 = -65*i + 6851212. Is i a composite number?
False
Suppose -n + 101952 = -7*n. Let k be (2/4)/((-9)/n). Let c = k - 303. Is c a composite number?
False
Suppose 6*x - 3*x = 3*k - 23631, -15 = -5*x. Let j = 12783 - k. Is j prime?
True
Let m = 43 - 39. Suppose 9*a - m = 7*a. Suppose -2*f = 3*f + 4*u - 8203, -a*u = -f + 1635. Is f a prime number?
False
Let b(q) = 2154*q**2 + 73*q + 30. Is b(7) composite?
False
Suppose 3*d + 4*u = 16970, 0 = -2*d - u + 2010 + 9295. Suppose -10 = -2*q, o = 3*q + 3574 + d. Is o a composite number?
False
Let i = 22618 - 3069. Is i a prime number?
False
Suppose 0 = -20*b + 16*b + 16. Suppose 0 = -6*y + b*y. Suppose j - 4*v - 765 = 0, y = 5*j - v - 1804 - 1945. Is j a composite number?
True
Let j = -1297001 + 1856292. Is j prime?
False
Let d(f) = -f**3 + 13*f - 8. Let p be d(3). Suppose -3657 = -p*i + i. Is i a composite number?
True
Let q = -207 - -67. Let m = 145 + q. Suppose -3*g + m*b = -432, 2*g = -3*g + 4*b + 733. Is g a prime number?
True
Let n(g) = 1. Let t(x) = -x**2 - 20*x - 19. Let u(j) = 2*n(j) - t(j). Let w be u(-19). Is w/(-8) - (40264/(-32) - -3) a prime number?
False
Is 6567078/35 - (5 + (-104)/20) prime?
True
Suppose 8*u - 598552 = -4*b, 5*u - 218970 - 155119 = -4*b. Is u a composite number?
False
Let o(v) = 1253*v - 1366. Is o(37) prime?
False
